544. Suppose -3*m + 2515 - 103 = p. What are the prime factors of m?
2, 3, 67
Suppose 3*j - 3*k = 6042, k = -4*j - 2*k + 8049. Suppose -3*t = 3*g - j, 2*t = 5*g - t - 3387. List the prime factors of g.
3, 5
Let r(k) = -3*k - 2*k + k + 29. Let s be r(8). List the prime factors of 194*(1/3 + s/(-18)).
97
Suppose 2*v = -5*a + 247949, -248850 = -4*a - v - 50489. List the prime factors of a.
101, 491
Suppose 5*x - 5*x = -x. Let t be ((-321)/5)/(21/(-70)). What are the prime factors of x/(-2) - (1 - t)?
3, 71
Suppose -5*t = -0 - 5. Let i = 655 - 656. What are the prime factors of (i + t/(-3) - -2)*96?
2
Let h be 215/(-2 + (-135)/(-65)). Suppose 3*y = l - 555, 0*l + 5*l - h = -5*y. List the prime factors of l.
2, 3, 31
Let g = 29827 + -8893. List the prime factors of g.
2, 3, 1163
Let j(k) = 2*k**3 - 7*k**2 + 11*k - 16. Let y(l) = l**2 + 5*l + 7. Let q be y(-5). Let t be j(q). List the prime factors of 1/(-1*((-16)/4)/t).
101
Let l(y) = y**3 + 17*y**2 + 13*y - 46. Let r be l(-16). Suppose -3*w + 730 = r*c - 343, 544 = c - w. Let m = c + -329. What are the prime factors of m?
2, 53
Suppose -8*d + 3*d + 35 = 0. Suppose -5*k + d + 3 = 0. Suppose -5*y + 89 = l, -y - k + 3 = 0. List the prime factors of l.
2, 3, 7
Let a = 11729 - 4691. List the prime factors of a.
2, 3, 17, 23
Let b be ((-2)/(-6))/((-5)/15). Let u be b*15/5 + 7. List the prime factors of u - (4 - (-110)/(-5)).
2, 11
Suppose 0 = 432*d - 436*d + 24908. What are the prime factors of d?
13, 479
Let j(h) = -2*h**2 + 39*h + 61. Let z(i) = 3*i**2 - 78*i - 122. Let m(s) = 5*j(s) + 3*z(s). What are the prime factors of m(-28)?
13, 19
Let t(h) = 3*h - 1. Let c be (0 - -5) + (22 - 26). Let x be t(c). Suppose 3*a - 5*p - 430 = -0*a, x*p - 8 = 0. What are the prime factors of a?
2, 3, 5
Suppose 0 = -29*l + 145473 + 101607. What are the prime factors of l?
2, 3, 5, 71
Let n(l) = 15*l**2 - l - 1. Let u be n(-1). Let q be (1*-1 + (-57)/u)*-45. List the prime factors of q + -3 - (-3 + (2 - -3)).
211
Let k be (7 - 4)*((-290)/(-2) - -4). Suppose 454*c = k*c + 7959. List the prime factors of c.
3, 379
Let p = 1290 + 1641. List the prime factors of p.
3, 977
Suppose -20 = 6*t - 16*t. Suppose 4*c + 2535 = 3*r + 2*r, 2*r + t*c = 996. What are the prime factors of r?
503
Suppose -8*t + 12*t = -2*j + 29676, -5*t = 4*j - 59373. List the prime factors of j.
2, 47, 79
Let o(c) = -10*c + 59. Let p be o(4). Suppose 4*j - p*j = -2160. List the prime factors of j.
2, 3
Suppose -144006 = -46*b - 54214. Suppose 5*g - b = -2*k + 3959, 5*g - 5893 = 4*k. List the prime factors of g.
1181
Suppose -y = 2*y + 6. Let t be (36/90)/(y/10). What are the prime factors of ((-14)/21*-414)/((-3)/t)?
2, 23
Let k = 2510 + -1724. Suppose 0 = 3*p - r - 0*r - 589, r + k = 4*p. What are the prime factors of p?
197
Let p = -760 - -811. What are the prime factors of 1700/p*(-504)/(-15)?
2, 5, 7
Let q(f) be the first derivative of 5*f**3 + 11*f**2/2 - 41*f + 3. List the prime factors of q(8).
19, 53
Let s(t) = -t**3 + 7*t**2 - t + 10. Let z be s(7). Let k be ((-4)/z)/((-12)/(-90)). Let u(x) = x**3 + 10*x**2 - 10*x + 28. List the prime factors of u(k).
2
What are the prime factors of 50844834/972 + 1 + (-2)/(4/9)?
2, 26153
Let m(k) = -22*k - 25. Let w be m(-5). Let o(z) = w*z**2 + 2*z + 61*z**2 + 8*z**2. What are the prime factors of o(-1)?
2, 19
Let b(m) = 4*m**3 + m**2 - 2*m + 2. Let t be b(1). Suppose t*g = -4*k + 22 + 38, 3*g = -5*k + 62. Suppose -z + 1595 = k*z. List the prime factors of z.
5, 29
Let t(x) = 13*x - 83. Let y be t(21). Suppose -9*n = -71 - y. What are the prime factors of n?
29
Let n(k) = -3*k - 6. Let b(c) = -4*c + 4. Let j be b(1). Let m be n(j). What are the prime factors of m/8 - (-556)/16?
2, 17
Let x(l) = 22*l - 6. Let y(g) = -g**3 - 8*g**2 + 12*g + 19. Let v be y(-8). Let z be (-22)/v + (-66)/(-14). List the prime factors of x(z).
2, 13
Let z = 499 - 449. Suppose -1019 - z = -l. What are the prime factors of l?
1069
Let n = -17174 + 38177. What are the prime factors of n?
3, 7001
Suppose -u = -h - 6505 + 173, -5*h + 25301 = 4*u. List the prime factors of u.
6329
Suppose -22*u + 168 = 20*u. Let l(p) = 30*p**2 + 5*p + 13. What are the prime factors of l(u)?
3, 19
Suppose 5*z - 5 = -4*b, -b = -5*z + 4 + 26. Suppose -91 = p - z*l - 276, -4*l + 780 = 5*p. List the prime factors of p.
2, 5
Let y = 2270 + -969. Let x = y - 637. List the prime factors of x.
2, 83
Let i = -45105 - -97821. List the prime factors of i.
2, 3, 23, 191
Let l be (-2)/(-11) - ((-4)/(-22) + 0). What are the prime factors of (1518/(3 - l))/1?
2, 11, 23
Let c = 285 + 138. Let y = c + -223. What are the prime factors of y?
2, 5
Let n be (-6)/51 + 1510/(-170). Let l(c) = -c**3 + 2*c**2 + 12*c + 8. List the prime factors of l(n).
7, 113
Let p(q) = -q - 4. Let o be p(-6). Suppose 0*w - 3*w = 4*r + 116, 0 = o*r + w + 60. List the prime factors of 1820/9 - (r/36)/(-4).
2, 101
Suppose 6997 = -19*z + 28*z - 12263. What are the prime factors of z?
2, 5, 107
Let k(x) = 4*x**2 + 17*x + 2. Let i be k(11). Let b = i + -460. What are the prime factors of b?
3, 71
Let q = -249 - -254. What are the prime factors of (-2)/(-5)*q - (-1348 - -23)?
1327
Let l(s) = 27*s**2 - 85*s + 472. List the prime factors of l(33).
2, 5, 2707
Suppose -8*w - 8 = -9*w. Suppose -5*t = -i - w*t + 312, t = 5*i - 1480. List the prime factors of i.
3, 11
Suppose 8*u - 31 - 49 = 0. Suppose 0 = 5*n + 4*g - 30, 3*n + g - u - 1 = 0. Suppose -h + n*z = 3*z - 91, 5*h - 419 = 4*z. List the prime factors of h.
3, 29
Suppose -3*l - 5*o + 2 = 0, 121*l + 28 = 126*l - 4*o. Let k be 3*((-34)/(-6) + 1). Suppose 0 = 5*n - k, -l*g + 2*n = -6*g + 170. List the prime factors of g.
3
Let v(s) = 7*s**2 + 38 - 78 + 24. Let c be v(-4). Suppose 3*w + 0*n + 5*n - 140 = 0, -2*n + c = 2*w. What are the prime factors of w?
2, 5
Suppose -55*r = 36*r - 25*r - 732336. What are the prime factors of r?
2, 19, 73
Suppose -2*j = -g - 7, 4*g + 35 = -g - 2*j. Let w(k) = -k**3 - 2*k**2 - 2*k - 4. What are the prime factors of w(g)?
3, 5, 17
Let u(d) = 45*d - 1122. List the prime factors of u(66).
2, 3, 7, 11
Suppose u = 2*r, -5*u + 10 = -3*r - 2*r. Suppose 5*o - r*k + 992 = 2919, 5*o = -5*k + 1955. What are the prime factors of (o/6)/(6/8)?
2, 43
Let p = -2722 - -21508. List the prime factors of p.
2, 3, 31, 101
Suppose -d - 11 = -2*i, -6*d + 7*d = -5*i + 17. Suppose i*v - 176 = -2*y, 0 = 4*y + v - 4*v - 363. List the prime factors of y.
2, 3, 5
Let p = 19 - 23. Let c(i) = -i**2 - 10*i - 18. Let x be c(p). Suppose -19 = -3*w - 2*d, 5*d - x = w - 1. List the prime factors of w.
5
Let t be -622*7/(-28)*2. List the prime factors of (t/3)/((-24)/(-72)).
311
Let i be 64182/171 + 2/3 + -1. Suppose -i*w + 280 = -371*w. List the prime factors of w.
2, 5, 7
Let p be ((-7)/2 - 0)/(1/42). Let f = 347 - p. List the prime factors of f.
2, 13, 19
Let s = 199 - 83. Suppose 3*t + t - s = 0. Let g = 63 - t. List the prime factors of g.
2, 17
Let m = -169 + 171. Suppose 0 = -5*y - 5*v + 195, -94 = -m*y + 3*v - v. What are the prime factors of y?
43
Let y(b) = 2*b**2 - 6*b + 3. Let x = -52 + 55. Let f be y(x). Suppose 126 = 3*q + 3*d, 3*q - 37 - 95 = f*d. What are the prime factors of q?
43
Let k(t) = 40*t - 228. Let n be k(6). Suppose -14*v + 26390 = n*v. List the prime factors of v.
5, 7, 29
Let i be -2*(990/(-12))/3. Let a = i - -53. List the prime factors of a.
2, 3
Let k(q) = -q**3 + 3*q**2 + 4*q + 4. Let x be k(4). Suppose -x + 28 = u. Suppose 0 = 7*a - 25 - u. What are the prime factors of a?
7
Suppose m - 30042 = 5*w, -63*w + 61*w + 18 = 0. What are the prime factors of m?
3, 3343
Let q = 8264 - 3960. What are the prime factors of q?
2, 269
Let h = -151 - -154. Suppose 0 = -3*q - h + 6, -q - 1944 = -5*l. What are the prime factors of l?
389
Suppose 200*n - 114962 = 587838. List the prime factors of n.
2, 7, 251
Suppose 0 = 1260*m - 1252*m - 11760. Let k = m + -771. List the prime factors of k.
3, 233
Let d(i) = -2325*i - 885. List the prime factors of d(-3).
2, 3, 5, 7, 29
List the prime factors of (-67813)/(-3) - 2 - (1 + 5/(-3)).
7, 3229
Let u = 4468 + 1812. List the prime factors of u.
2, 5, 157
Suppose 3*j + 8889 = r, -3*j = -3*r - 5*j + 26733. What are the prime factors of r?
3, 2969
Let b be 2/(-4) - 87/58. Let m(s) = -2*s**2 - 2*s